*b - 40. Give u(-9).
-22
Let x(n) = 594*n + 58. Calculate x(-1).
-536
Let r(b) = 133*b + 28. What is r(-2)?
-238
Let h(q) = q**2 - 6*q - 6. Give h(11).
49
Let j(t) = 8*t + 205. Give j(-5).
165
Let d(x) = -50*x + 3249. Determine d(65).
-1
Let u(g) = -985*g + 987. Determine u(1).
2
Let z(d) = -37*d + 307. Determine z(8).
11
Let z(m) = 92*m - 781. Determine z(14).
507
Let c(j) = j**3 - 9*j**2 - 23*j - 35. What is c(11)?
-46
Let h(r) = -6*r**2 + 193*r - 35. Calculate h(31).
182
Let l(k) = k**2 + 67*k + 1114. Calculate l(-34).
-8
Let z(w) = -2*w**3 + 13*w**2 + 22*w - 92. Calculate z(7).
13
Let c(k) = -170*k - 205. Give c(-1).
-35
Let v(f) = 5718*f - 10. Give v(0).
-10
Let a(c) = -c**2 - 28*c - 3. What is a(0)?
-3
Let s(w) = 12*w**3 + 410*w**2 + 66*w + 8. Calculate s(-34).
76
Let m(x) = 595*x - 2372. Give m(4).
8
Let x(g) = 8*g**2 - 1071*g + 2134. Determine x(2).
24
Let s(r) = r**2 + 171*r + 2747. Calculate s(-18).
-7
Let r(t) = t**3 - 8*t**2 + 27*t - 470. What is r(10)?
0
Let b(c) = c**2 + 17*c - 1405. Determine b(-47).
5
Let u(f) = f**2 - 50*f - 659. What is u(61)?
12
Let i(f) = f**3 - 23*f**2 + 110*f. Give i(7).
-14
Let q(s) = 1486*s + 26702. What is q(-18)?
-46
Let j(h) = -h**3 - 106*h**2 - 105*h - 50. What is j(-105)?
-50
Let k(f) = -3*f**2 + 144*f - 280. What is k(46)?
-4
Let q(v) = v**3 - 75*v**2 + 70*v + 302. What is q(74)?
6
Let h(s) = -4*s**2 + 24*s + 25. Calculate h(-1).
-3
Let l(w) = w**3 + w**2 - 16*w - 34. Calculate l(-5).
-54
Let f(c) = -c**2 + 305*c + 912. Calculate f(-3).
-12
Let w(o) = 3*o**2 - 77*o + 69. What is w(24)?
-51
Let s(h) = -h**3 + 4*h**2 + 2*h + 9. Determine s(0).
9
Let n(j) = 23*j + 68. Determine n(-3).
-1
Let v(k) = 2*k**3 + k**2 + 16*k + 4. Give v(-5).
-301
Let j(w) = -26*w - 314. Give j(-14).
50
Let k(m) = m**3 - 20*m**2 - 15*m + 18. Determine k(21).
144
Let u(v) = 152*v + 137. Calculate u(-1).
-15
Let u(d) = -d**3 - 33*d**2 - 5*d - 169. Calculate u(-33).
-4
Let a(u) = -2*u**2 + 26*u + 4. Calculate a(18).
-176
Let y(q) = q**3 + 13*q**2 - 69*q - 964. Give y(-10).
26
Let g(d) = -347*d + 2419. What is g(7)?
-10
Let l(c) = -c**3 - 22*c**2 - 5*c + 13. What is l(-22)?
123
Let q(k) = k**3 - 35*k**2 + 125*k + 7. Give q(31).
38
Let n(q) = -q**3 - 25*q**2 - 52*q - 9. What is n(-3)?
-51
Let g(o) = 8*o**2 - 228*o - 118. Give g(29).
-2
Let y(z) = -91*z + 4569. Give y(50).
19
Let v(t) = -2*t**3 - 12*t**2 - 15*t - 83. Calculate v(-6).
7
Let u(a) = -a**3 + 11*a**2 + 68*a - 309. Give u(4).
75
Let y(c) = 9*c**2 - 7*c + 13. What is y(2)?
35
Let h(x) = -508*x - 51315. What is h(-101)?
-7
Let t(j) = -3*j**3 + 41*j**2 + 224*j + 65. Give t(18).
-115
Let i(c) = c**2 + 3*c - 6. Calculate i(9).
102
Let a(f) = f**3 + 26*f**2 - 30*f - 7. Determine a(-27).
74
Let d(k) = -2*k**2 - 193*k - 62. Calculate d(-96).
34
Let f(y) = y**3 + 4*y**2 - 80*y + 20. Give f(7).
-1
Let k(b) = -b**3 + 6*b**2 - 73*b. Determine k(0).
0
Let n(u) = 7784*u - 23320. Determine n(3).
32
Let v(p) = p**3 - 8*p**2 + 12*p + 1. Calculate v(5).
-14
Let u(a) = a**2 - 2484*a - 62733. Calculate u(-25).
-8
Let k(j) = -79*j + 6405. Determine k(81).
6
Let r(z) = -13*z + 241. Determine r(39).
-266
Let q(d) = 3*d**2 + 330*d - 1720. Determine q(-115).
5
Let s(d) = 9*d + 24. Give s(0).
24
Let i(s) = 45*s + 583. Give i(-11).
88
Let w(f) = 5*f**3 - 10*f**2 + 33*f - 5. Give w(3).
139
Let i(m) = m**3 + 11*m**2 + 481*m + 1804. What is i(-4)?
-8
Let a(h) = -232*h + 2336. Give a(10).
16
Let z(h) = h**3 + 10*h**2 + 27*h - 13. Calculate z(-8).
-101
Let r(k) = -6*k - 312. Calculate r(-51).
-6
Let n(l) = -2*l**2 - 160*l - 1741. Determine n(-67).
1
Let v(h) = h**3 + 18*h**2 - 200*h - 56. Give v(8).
8
Let x(q) = q**3 - 15*q**2 + 23*q - 127. What is x(15)?
218
Let p(n) = 8*n**3 - 104*n**2 + 4*n - 10. Give p(13).
42
Let v(k) = 693*k + 22863. Determine v(-33).
-6
Let g(w) = 54*w + 3523. Calculate g(-66).
-41
Let x(z) = z**3 + 34*z**2 + 130*z - 250. Calculate x(-29).
185
Let b(w) = w**2 + 25*w - 10. Calculate b(-22).
-76
Let q(g) = -g**2 + 72*g + 1482. Calculate q(88).
74
Let v(f) = f**3 - 24*f**2 - 28*f + 37. Calculate v(25).
-38
Let m(g) = -3*g**2 + 14*g + 75. Calculate m(-6).
-117
Let k(f) = -7889*f + 126229. Determine k(16).
5
Let v(a) = -6*a**3 + 2*a**2 - 9*a + 18. What is v(2)?
-40
Let b(k) = k**3 - 13*k**2 + 71*k + 36. Calculate b(7).
239
Let a(y) = -y**3 - 22*y**2 + 43*y - 2. Calculate a(2).
-12
Let n(o) = -220*o + 1963. Give n(9).
-17
Let b(r) = -52*r - 148. Determine b(-4).
60
Let c(y) = -y**3 - 8*y**2 + 269*y - 81. What is c(-21)?
3
Let k(a) = 2*a**3 - 149*a**2 - 221*a - 526. Give k(76).
6
Let l(t) = -2*t**3 - 143*t**2 + 223*t + 284. Determine l(-73).
-8
Let t(q) = -259*q - 18128. Calculate t(-70).
2
Let j(d) = 14*d**3 + 21*d**2 - 39*d - 3. What is j(2)?
115
Let r(i) = -2*i**2 + 15*i - 20. Calculate r(2).
2
Let t(g) = -412*g - 1309. Calculate t(-3).
-73
Let a(l) = l**2 - 187*l + 3039. Give a(18).
-3
Let r(y) = 70*y**2 - 45*y - 59. Calculate r(-2).
311
Let a(g) = -34*g**2 - 196*g - 27. Calculate a(-6).
-75
Let d(h) = 216*h - 882. Calculate d(4).
-18
Let a(i) = 9*i - 416. Give a(35).
-101
Let c(m) = -m**3 + 26*m**2 - 15*m - 227. Calculate c(25).
23
Let y(r) = r**2 - 4*r - 47. What is y(8)?
-15
Let s(n) = n**2 - 22*n - 144. Give s(-13).
311
Let q(n) = 305*n - 298. Determine q(1).
7
Let i(b) = b**3 + 11*b**2 + 2*b - 18. Determine i(-10).
62
Let x(m) = -24*m + 273. What is x(6)?
129
Let q(y) = -170*y - 1261. What is q(-6)?
-241
Let d(g) = 21*g - 243. What is d(15)?
72
Let t(r) = 15*r**3 - 42*r**2 - 15*r + 23. What is t(3)?
5
Let x(q) = -q**3 - 14*q**2 + 96*q + 17. Give x(-19).
-2
Let l(h) = -7*h**2 + 374*h + 2228. Calculate l(-6).
-268
Let w(t) = 216*t**2 - 4*t + 41. Give w(0).
41
Let h(q) = q**2 - 63*q - 1973. Calculate h(87).
115
Let n(f) = f**2 - 329*f - 9609. What is n(-27)?
3
Let p(c) = -62*c**2 + 15*c - 16. What is p(1)?
-63
Let y(m) = 41*m - 1084. What is y(27)?
23
Let p(s) = -14*s - 318. Calculate p(-27).
60
Let v(j) = 472*j + 6137. What is v(-13)?
1
Let p(r) = 61*r - 183. Give p(-7).
-610
Let t(o) = -2*o**2 - 83*o - 684. What is t(-11)?
-13
Let z(n) = -19*n**2 + 118*n + 17. Calculate z(7).
-88
Let y(t) = 31*t**3 + 135*t**2 + 134*t - 2. Determine y(-1).
-32
Let o(r) = -4*r**3 - 14*r**2 - 83*r - 133. Determine o(-2).
9
Let v(b) = -8*b**2 - 8*b - 53. Calculate v(-7).
-389
Let x(y) = -y**3 + 15*y**2 + 27*y + 66. Determine x(17).
-53
Let p(u) = -194*u + 3492. What is p(18)?
0
Let o(y) = -y**3 - 10*y**2 - 51*y - 292. Calculate o(-8).
-12
Let c(q) = -2*q**3 + q**2 + 10*q + 109. Give c(0).
109
Let l(y) = -303*y - 26366. Calculate l(-87).
-5
Let h(x) = x**3 + 8*x**2 - 19*x + 19. Determine h(-10).
9
Let z(t) = -2789*t + 58566. What is z(21)?
-3
Let c(a) = -a**2 + 19*a + 53. Give c(17).
87
Let n(s) = -175*s - 5609. Give n(-32).
-9
Let o(t) = -118*t + 8. Calculate o(1).
-110
Let u(m) = 2*m**2 - m - 57. What is u(6)?
9
Let h(y) = -3*y**2 + 3*y + 31. Determine h(-9).
-239
Let s(c) = 13*c - 731. Calculate s(59).
36
Let f(h) = 18*h - 787. Determine f(51).
131
Let c(z) = -5*z**2 - 41*z - 3. Give c(-7).
39
Let x(w) = w**2 + 133*w - 5909. Give x(-168).
-29
Let b(w) = -4*w**3 - 385*w**2 - 94*w - 250. Calculate b(-96).
-442
Let h(f) = -2*f**3 + 6*f**2 - 12*f - 9. Give h(5).
-169
Let o(h) = 11*h**2 - 132*h - 703. What is o(-4)?
1
Let b(r) = -2*r**3 + 5*r**2 + 25*r - 21. Calculate b(6).
-123
Let i(h) = -h**3 + 27*h**2 - 54*h + 405. Determine i(26).
-323
Let h(v) = 63*v - 294. What is h(8)?
210
Let p(u) = 21*u**2 + 205*u + 460. Calculate p(-7).
54
Let k(u) = -u**3 - 6*u**2 - 17*u - 41. What is k(-8)?
223
Let y(f) = 12*f**2 + 60*f + 22. Calculate y(-5).
22
Let m(p) = -273*p - 3810. Determine m(-14).
12
Let t(j) = -j**3 - 9*j**2 - 203*j - 1551. What is t(-8)?
9
Let c(b) = -22*b**2 + 3731*b - 2195. What is c(169)?
2
Let d(n) = 33*n - 144. Determine d(4).
-12
Let m(w) = 2*w**2 + 188*w - 797. Calculate m(4).
-13
Let b(o) = 2*o**2 - 15*o - 18. Determine b(9).
9
Let r(k) = -2*k**2 - 50*k + 532. Give r(10).
-168
Let p(r) = -139*r + 1626. What is p(12)?
-42
Let y(o) = -45*o**2 - 254*o - 4. What is y(-4)?
292
Let a(y) = 4*y**2 + 462*y + 227. What is a(-115)?
-3
Let o(y) = -2*y**3 - 9*y**2 + 18*y - 12. What is o(3)?
-93
Let p(z) = -1045*z - 4175. Give p(-4).
5
Let l(i) = 53*i - 91. Give l(3).
68
Let h(n) = n**2 + 4*n +